{"id":264,"date":"2025-12-14T11:28:18","date_gmt":"2025-12-14T11:28:18","guid":{"rendered":"https:\/\/twm.gmbh\/?page_id=264"},"modified":"2026-01-03T12:34:49","modified_gmt":"2026-01-03T12:34:49","slug":"juergen-kolb-ip5","status":"publish","type":"page","link":"https:\/\/twm.gmbh\/","title":{"rendered":"Entdecke unseren Service"},"content":{"rendered":"\n<figure class=\"wp-block-image size-full is-style-rounded\"><img loading=\"lazy\" decoding=\"async\" width=\"1080\" height=\"374\" src=\"https:\/\/twm.gmbh\/wp-content\/uploads\/2025\/12\/Logopit_1764930939889_01.png\" alt=\"\" class=\"wp-image-293\" srcset=\"https:\/\/twm.gmbh\/wp-content\/uploads\/2025\/12\/Logopit_1764930939889_01.png 1080w, https:\/\/twm.gmbh\/wp-content\/uploads\/2025\/12\/Logopit_1764930939889_01-300x104.png 300w, https:\/\/twm.gmbh\/wp-content\/uploads\/2025\/12\/Logopit_1764930939889_01-1024x355.png 1024w, https:\/\/twm.gmbh\/wp-content\/uploads\/2025\/12\/Logopit_1764930939889_01-768x266.png 768w\" sizes=\"auto, (max-width: 1080px) 100vw, 1080px\" \/><\/figure>\n\n\n\n<div class=\"wp-block-group has-global-padding is-layout-constrained wp-container-core-group-is-layout-0c9c989a wp-block-group-is-layout-constrained\" style=\"min-height:0vh;margin-top:0;margin-bottom:0;padding-top:var(--wp--preset--spacing--70);padding-right:var(--wp--preset--spacing--40);padding-bottom:var(--wp--preset--spacing--70);padding-left:var(--wp--preset--spacing--40)\">\n<div class=\"wp-block-group has-global-padding is-layout-constrained wp-container-core-group-is-layout-346627ba wp-block-group-is-layout-constrained\">\n<p>Als Dienstleister f\u00fcr Gastronomie und Gewerbe ist die TWM GmbH (vormals Textwerkstatt M\u00fcnchen) seit 2022 im Gro\u00dfraum M\u00fcnchen, Ingolstadt und im oberbayerischen Umland aktiv.  Wir bedienen tage-, wochen- und monatsweise mit flei\u00dfigem und motiviertem Personal einen Kundenstamm von \u00fcber 70 renommierten Unternehmen in mehr als 150 verschiedenen Betrieben.<\/p>\n\n\n\n<p>Unsere erfahrenen Einsatzkr\u00e4fte sind als K\u00fcchenhilfen, Sp\u00fclkr\u00e4fte, Kellner, Barista, Fahrer, Lagermitarbeiter, Reinigungspersonal, Housekeeper, Logistiker, G\u00e4rtner und Servicekr\u00e4fte t\u00e4tig. Hierbei ist die TWM GmbH in namhaften Hotels, Restaurants, Wirtsh\u00e4usern, Catering Unternehmen, Krankenh\u00e4usern, Schulkantinen, auf Messen und in zahlreichen Betriebskantinen aktiv.\u00a0<\/p>\n\n\n\n<p>Seit September 2025 hat sich die Textwerkstatt M\u00fcnchen in die TWM GmbH umfirmiert. Aktuell erweitern wir unser Einsatzgebiet auf das Industrie- und Wirtschaftszentrum Rhein-Neckar. Perspektivisch bedient unser Unternehmen die St\u00e4dte Mannheim, Heidelberg, Ludwigshafen, Karlsruhe, Speyer und Worms.&nbsp;&nbsp;<\/p>\n\n\n\n<p>Die TWM GmbH besteht aus einem kleinen internationalen Team, das sich um s\u00e4mtliche Belange, Angelegenheiten und Fragen unserer Kunden und Mitarbeiter k\u00fcmmert. <\/p>\n\n\n\n<p>Wir stehen Ihnen auf Deutsch, Englisch, Franz\u00f6sisch, Polnisch und Arabisch zur Verf\u00fcgung.&nbsp;<\/p>\n\n\n\n<p>Gerne stehen wir Ihnen mit unserem Personal tatkr\u00e4ftig zur Seite.&nbsp;<\/p>\n\n\n\n<p>Eva Kolb und das Team der&nbsp;TWM GmbH<\/p>\n<\/div>\n<\/div>\n","protected":false},"excerpt":{"rendered":"<p>Als Dienstleister f\u00fcr Gastronomie und Gewerbe ist die TWM GmbH (vormals Textwerkstatt M\u00fcnchen) seit 2022 im Gro\u00dfraum M\u00fcnchen, Ingolstadt und im oberbayerischen Umland aktiv. Wir bedienen tage-, wochen- und monatsweise mit flei\u00dfigem und motiviertem Personal einen Kundenstamm von \u00fcber 70 renommierten Unternehmen in mehr als 150 verschiedenen Betrieben. Unsere erfahrenen Einsatzkr\u00e4fte sind als K\u00fcchenhilfen, Sp\u00fclkr\u00e4fte, [&hellip;]<\/p>\n","protected":false},"author":1,"featured_media":290,"parent":0,"menu_order":0,"comment_status":"closed","ping_status":"closed","template":"page-no-title","meta":{"om_disable_all_campaigns":false,"_monsterinsights_skip_tracking":false,"_monsterinsights_sitenote_active":false,"_monsterinsights_sitenote_note":"","_monsterinsights_sitenote_category":0,"footnotes":""},"class_list":["post-264","page","type-page","status-publish","has-post-thumbnail","hentry"],"aioseo_notices":[],"_links":{"self":[{"href":"https:\/\/twm.gmbh\/index.php?rest_route=\/wp\/v2\/pages\/264","targetHints":{"allow":["GET"]}}],"collection":[{"href":"https:\/\/twm.gmbh\/index.php?rest_route=\/wp\/v2\/pages"}],"about":[{"href":"https:\/\/twm.gmbh\/index.php?rest_route=\/wp\/v2\/types\/page"}],"author":[{"embeddable":true,"href":"https:\/\/twm.gmbh\/index.php?rest_route=\/wp\/v2\/users\/1"}],"replies":[{"embeddable":true,"href":"https:\/\/twm.gmbh\/index.php?rest_route=%2Fwp%2Fv2%2Fcomments&post=264"}],"version-history":[{"count":13,"href":"https:\/\/twm.gmbh\/index.php?rest_route=\/wp\/v2\/pages\/264\/revisions"}],"predecessor-version":[{"id":748,"href":"https:\/\/twm.gmbh\/index.php?rest_route=\/wp\/v2\/pages\/264\/revisions\/748"}],"wp:featuredmedia":[{"embeddable":true,"href":"https:\/\/twm.gmbh\/index.php?rest_route=\/wp\/v2\/media\/290"}],"wp:attachment":[{"href":"https:\/\/twm.gmbh\/index.php?rest_route=%2Fwp%2Fv2%2Fmedia&parent=264"}],"curies":[{"name":"wp","href":"https:\/\/api.w.org\/{rel}","templated":true}]}}